(q). Is k(8) a multiple of 24?
True
Suppose -1655 = -4*m - 407. Does 39 divide m?
True
Let j(t) = t**2 + 15*t + 35. Let m(h) = 3*h**2 + 31*h + 72. Let g(o) = 5*j(o) - 2*m(o). Is g(13) a multiple of 31?
True
Let i(g) = -2*g**2 + 31*g + 37. Is 15 a factor of i(14)?
False
Let m(t) = -57*t - 7. Does 5 divide m(-3)?
False
Suppose -1733 = -d + 2*b - b, 1724 = d - 4*b. Is d a multiple of 14?
True
Let z = 2 + -1. Is 28 a factor of (-14)/(z - (-26)/(-22))?
False
Let m be (-113)/(-3) + (-2)/3. Let u = m - 9. Let s = u + -19. Does 4 divide s?
False
Let t(s) be the third derivative of -s**4/12 + 16*s**3/3 - 3*s**2. Is t(-14) a multiple of 15?
True
Suppose -n - 438 = 2*n. Let a = n - -226. Is 20 a factor of a?
True
Let d = -1 + -1. Let h(p) = -2*p + 3*p - 10*p - p - 2. Is h(d) a multiple of 18?
True
Suppose 2*u = -t + 867 + 122, 0 = -3*u - 4*t + 1491. Does 29 divide u?
True
Suppose 0 = 3*c - u - 8, -2*c = -3*u + 7*u - 10. Suppose -r + x - 4 + 3 = 0, 0 = -2*r + c*x - 5. Suppose -4*j - j = 4*f - 236, r*f - 52 = -j. Does 11 divide j?
True
Let a = -757 - -1996. Does 29 divide a?
False
Let p = -70 + 124. Let m be (-7 + 6)/(1/(-21)). Let b = p - m. Is 12 a factor of b?
False
Let h(f) be the third derivative of f**6/120 + f**5/6 - 13*f**4/24 + 11*f**3/6 + f**2 + 2. Does 15 divide h(-9)?
False
Does 4 divide (-5696)/(-6) + 237/(-711)?
False
Suppose 0 = -3*y - 3*p + 726, 2*y - 5*p - 40 - 479 = 0. Is y a multiple of 35?
False
Suppose -39*f + 21456 = 3594. Does 114 divide f?
False
Suppose 4*k - 5*k - w + 234 = 0, 5*w = 4*k - 927. Is 3 a factor of k?
False
Suppose -t = 2*t - 6. Suppose 2*u - 5*m = -t*u + 424, -u + m + 105 = 0. Suppose -u - 163 = -4*b. Does 14 divide b?
False
Let r be (-3095)/(-35) - 3/7. Let k = -40 + r. Does 16 divide k?
True
Suppose 8*a = 13 + 3. Let t(d) = -d**3 + 2*d**2. Let w be t(-2). Suppose w = a*s - 4. Does 3 divide s?
False
Let j = 891 - -331. Is j a multiple of 6?
False
Let h = -863 - -1433. Is h a multiple of 30?
True
Let f(v) = v**2 - v**2 + 4*v**2 - 2*v**2 + v + 8. Is f(8) a multiple of 12?
True
Suppose 4 = -2*l - 7*t + 2*t, -l - 7 = 5*t. Let n(c) be the third derivative of c**5/60 + c**4/12 - 2*c**3/3 - 2*c**2. Is 3 a factor of n(l)?
False
Suppose 0 = -2*t - 0*t - 2*b + 64, -4*t + 2*b + 110 = 0. Let h = t - 25. Suppose -5*g + 8 = -5*q - 32, -2*g = -h*q - 12. Is 10 a factor of g?
True
Let o(b) = -b - 12. Let q be o(-18). Is (2 + 6/(-5))/(q/75) even?
True
Suppose 4*f = f + 5*n + 921, 3*n = -2*f + 633. Is f a multiple of 13?
True
Let g = 442 + -255. Suppose 0 = -3*l + a + 10, -5*l + 17 = -0*l - 2*a. Suppose -4*b - l*d + 118 = -26, 5*b = -2*d + g. Is b a multiple of 13?
True
Let x = 128 - 215. Let l = 120 - x. Suppose s - 103 = -q, -s = -3*s - 3*q + l. Does 34 divide s?
True
Let c(s) = 108*s**3 + 5*s**2 - 13*s + 17. Is 25 a factor of c(2)?
True
Suppose -7 + 19 = -4*w, -w - 240 = -3*t. Is t a multiple of 9?
False
Suppose 0 = -33*q + 37*q - 812. Does 18 divide q?
False
Suppose -2*x + 2291 = -3*l, -2*x + 3*x = 3*l + 1141. Is 46 a factor of x?
True
Suppose 5*l - 2 = 4*b - 52, -3*l = -5*b + 30. Let q = l + 16. Is 6 a factor of q?
True
Let d be 4*((-9)/(-2) - 4). Suppose 0 = -d*r - 2, 2*r - 11 = -4*t - 1. Suppose -25 = -2*a + 7*a, -a + 454 = t*g. Is 40 a factor of g?
False
Let o = -1883 - -2665. Is o a multiple of 23?
True
Suppose 0 = -0*u + u + 43. Let m = -14 - u. Does 8 divide m?
False
Let r be -5 - (-5 + -298 - 4). Let b = r - 63. Is b a multiple of 38?
False
Let c(k) = 4*k**2 - 44*k - 11. Is 2 a factor of c(12)?
False
Let c(g) = g - 5. Let w be c(7). Suppose 4*k - 20 = n + w*k, -14 = n + k. Let i = 37 + n. Is 21 a factor of i?
True
Let t = 17 - 13. Suppose -7*n + t*z - 6 = -2*n, -z = -5*n + 6. Is 17 - (n/2 - 1) a multiple of 5?
False
Suppose -2*m - 270 + 921 = -5*f, -2*m + 671 = -f. Does 11 divide m?
False
Let h = 50 + 59. Let q = h + -91. Is q a multiple of 3?
True
Suppose 0 = g + 3, -4*g = f - 7*g - 14. Suppose 3*t = f*x + 47, -t + x + 15 = -0*x. Is t a multiple of 8?
False
Let n(j) = 5*j + 23. Let w be n(-5). Is 12 a factor of ((-4)/(-12))/(w/6) - -37?
True
Let r(l) = -l + 2. Let d be r(0). Suppose -d*j + 10 = -0. Suppose j*b = -0*b + 30. Is b a multiple of 6?
True
Let s be (5 + -4)/((-3)/(-90)). Let b = 81 - s. Does 17 divide b?
True
Let o(l) = -9*l + 52. Does 32 divide o(-12)?
True
Let s be ((-7)/((-7)/38))/(-1). Does 21 divide 10 - 11 - s/1?
False
Suppose 0 = -p - 2*r + 101 + 55, 3*r = 0. Suppose 0*i + 3*i = p. Is i a multiple of 34?
False
Let j be 12/(-9)*(4 - -2). Let y(v) = 7*v - 6. Let p be y(j). Does 15 divide (-2 - 0) + 0 - p?
True
Suppose 4*x + 1338 = o, 4*x + 5*o + 1350 = -0*x. Let m = -176 - x. Is m a multiple of 38?
False
Let p(w) = 3*w**2 + 0 - 2*w**2 - 3*w + 4. Let j be ((-8)/4 + 14)/2. Is 11 a factor of p(j)?
True
Let k(d) = -4*d + 6 + 1 - 7 - 6*d**2 + 3 - 2*d**3. Does 17 divide k(-4)?
True
Suppose 7*j - 761 = 79. Does 20 divide j?
True
Let t = 1012 - 154. Does 12 divide t?
False
Let b be (8/(-6) + 2)*(-2 + 8). Suppose 0 = -5*t + 4*s + 507, -498 = -t - b*t + s. Does 9 divide t?
True
Let v be (10/(-6))/((-2)/(-6)). Let b(d) = -d**3 - 2*d**2 - 6*d + 2. Let q be b(v). Suppose -f - 5 = -2*a - 111, -f = -3*a - q. Does 26 divide f?
True
Suppose -j + 22*j - 19908 = 0. Is 43 a factor of j?
False
Let x = -652 + 943. Is x a multiple of 10?
False
Suppose 4*y - 4*u + 16 - 4 = 0, -y + 3*u - 7 = 0. Does 19 divide (y - 4)*996/(-60)?
False
Let v = 10 + 63. Is v a multiple of 12?
False
Suppose -v + 2*d + 505 = -464, -4*d + 1978 = 2*v. Does 7 divide v?
False
Suppose -3*g + 10 = -2*s, -4*g + 7 = 5*s + 9. Is 21 a factor of s - (-3 - -1) - (-167)/1?
False
Let p be (4/(-3))/((-5)/(-15)). Let t(v) = -7 + 5 + 12 - 7*v. Is 19 a factor of t(p)?
True
Let g(j) = 4*j + 4. Let b be (-2)/(-11) - 150/(-22). Is g(b) a multiple of 22?
False
Let k be (0/1)/(-1) - 0. Suppose -13*c + k = -65. Is 5 a factor of c?
True
Suppose 0 = -v + 5*v - 4. Let r be 1/(v/3) + 0. Let i = 9 - r. Is i a multiple of 4?
False
Suppose -103*y = -101*y - 4226. Is 44 a factor of y?
False
Suppose 2*h - 3*h + 5*g = -15, -5*h + 129 = 2*g. Suppose -q = 3*v + 4, 5*q + 3*v = -2*v. Suppose 0*s + h = q*s - 3*u, -5 = u. Does 3 divide s?
False
Let f(m) = -6*m**3 - 2*m**2 + 5*m + 6. Let z(a) = -a**3 - a**2 + 1. Let g(i) = -f(i) + 5*z(i). Let u be g(4). Does 11 divide (-5)/(u/2) + 31?
True
Suppose -v + 4 = 0, 5*v - 588 = s - 3*s. Is 19 a factor of s?
False
Let c be ((-506)/(-69) - 8/6) + -8. Let t(s) be the third derivative of -7*s**4/12 - s**3/6 - s**2. Is 6 a factor of t(c)?
False
Suppose 0 = -7*u - 50 - 153. Let n = u - -40. Is 4 a factor of n?
False
Let r = 643 - -101. Suppose 6*l - r - 120 = 0. Does 18 divide l?
True
Let g = -1160 + 1736. Is g a multiple of 24?
True
Suppose 36*j - 411 = 35*j. Does 37 divide j?
False
Let w(g) = -11*g + 18. Let o be w(5). Let x = -15 - o. Does 10 divide x?
False
Let q(j) = -j - 4. Let r be q(-7). Suppose -4*s + r*u = -101, s - 97 = -2*s - 2*u. Let v = s + 1. Does 10 divide v?
True
Let f(i) = -i**2 - 6*i + 1. Let j(r) = -r**2 - 7*r + 1. Let y(a) = 6*f(a) - 5*j(a). Let t be y(-3). Let m = t + 20. Is m a multiple of 5?
True
Let j be (-68)/12 + 4/6. Does 3 divide (12 - -4) + 5/j?
True
Let m(f) = 10*f**2 - f - 29. Is m(5) a multiple of 54?
True
Suppose 3*k = -5*q - 139, -5*q - 37 = 5*k + 188. Let p be (-4)/16 - k/(-4). Let i(o) = -o**3 - 12*o**2 - 14*o - 6. Is i(p) a multiple of 11?
False
Suppose -5*s + 370 + 695 = 5*d, 0 = -2*s - 4*d + 426. Let f = -13 + s. Is 20 a factor of f?
True
Suppose -3488 = -4*p + n, -5*p + 3*n = -0*p - 4360. Does 4 divide p?
True
Let t = -1030 + 1839. Is t a multiple of 32?
False
Is -1205*(-17)/425 + 2/(-10) a multiple of 16?
True
Let w(h) = h**2 - 9*h - 3. Let o be 12 - (2 + -6) - 4. Is 19 a factor of w(o)?
False
Let j = -69 + 300. Let o = -23 + j. Suppose -3*q = -o + 28. Does 15 divide q?
True
Let o = 0 - -3. Suppose 490 = o*u - r + 45, 605 = 4*u + r. Suppose 0*y + u = 3*y. Is 18 a factor of y?
False
Suppose 2*x + 1 = g, 2*x + g = -2*g - 13. Does 18 divide x/(-4)*496/4?
False
Suppose -15*d + 2496 = -7*d. Is 39 a factor of d?
True
Let h(d) = 29*d**2 + d - 3. Is 21 a factor of h(2)?
False
Let k(i) = 116*i**3 - 1. Let z be (4/(-8))/((-5)/10). Is k(z) a multiple of 5?
True
Let d(g) = g**2 + 4*g + 19. Is d(-21) a multiple of 5?
False
S